lue of 32 + 8 + 601 + -614?
27
-53 - ((-10 - 1 - ((-11 - -29) + -17)) + 6)
-47
-2 + 35 + -137 + 210 - -11
117
What is 35 - ((14 - 10) + -4 - (-1 + 6))?
40
Calculate -126 - (-200 + -67 + 210).
-69
Evaluate -15 - -1 - (2 - 2) - (-8900 - -8840).
46
What is the value of (-92 + 0 - -97) + (-1 + 4 - 91)?
-83
-36 - (-12 - (-8 - -13) - (3 - 11 - -2))
-25
What is the value of 121 + (3 + -58 - 12)?
54
Evaluate 50 - (144 + -82) - (-17 - (0 + 2)).
7
-202 + 213 + -23 + 2 + -20
-30
Evaluate -50 - (12 - (15 + (33 - 40))).
-54
Evaluate (284 - 337) + (3 - (-4 - -7)) + 3.
-50
Evaluate 145 - (10 + 2 + 0) - -15 - 22.
126
29 + -30 + 26 + -20 + 44
49
Evaluate -114 - -155 - (117 - 18).
-58
(20 + 2 - -3 - 10) + -16 - -102
101
What is -105 + (-201 - -167) + -2 + 64?
-77
(18 - (0 + -18 - (-720 + 700))) + -110
-94
Evaluate 121 + -99 - (117 - (15 - 14)).
-94
Evaluate (-2 + 4 + -40 - (-211 - -214)) + 13.
-28
What is the value of -20 + 47 + (-20 - (-3 - -2)) + 0 + -69?
-61
What is (-2 + 5 - 4) + (2 - 2) + 6?
5
What is the value of 8 - (45 + 9) - (202 - 174)?
-74
(1 - 39 - -17) + -14 + 12
-23
What is 23 - (89 - (15 + (-39 - -6)))?
-84
Evaluate 141 + 68 + -80 + -78.
51
What is the value of (-14 + -15 + 15 - -19) + -9 - -69?
65
Evaluate (-1 - (14 + -46)) + -36 - (-8 + 0) - 92.
-89
What is the value of 11 - (-20 + 22 + -11 + -1) - (-1 + -3)?
25
Evaluate (-4 - -131) + (-2315 - -2069).
-119
What is the value of (-18 - -40) + (4 - (22 + 4))?
0
Evaluate (2 - 0) + -75 + 17 + (6 - (-40 - -60)).
-70
What is 4 - ((-7 - 5) + (-79 - -105))?
-10
What is the value of 21 + -9 + (-18 - -2) - (-55 + (10 - 3))?
44
Calculate -57 + (-22 - (-32 + -7)) + 22.
-18
Evaluate (-1 + (-26 - -15) - -4) + (2 - -54).
48
What is the value of 4 + -6 + 1 + (-10 - -10 - 2)?
-3
8 - (4 + -2) - (27 - 21)
0
(55 + -6 - 3) + -86
-40
Evaluate -1 + -16 + 26 - 21.
-12
What is the value of 8 + -20 + 45 + -3 - (-2 - -17)?
15
What is the value of (-48 - -16) + 69 + -1 + 7?
43
What is (-32 - 1 - (19 - 33)) + 2?
-17
What is the value of (0 - 34) + -3 - (-15 + (9 - -23) + -19)?
-35
Evaluate (-83 - -1) + -474 + 428.
-128
Calculate (90 - 0) + (-5404 - -5249).
-65
Calculate (115 + -77 - 18) + (3 - (-1 + 1)).
23
What is -150 - (13 - (-25 - -26)) - 1 - -18?
-145
What is -143 + 128 - (16 - 0)?
-31
What is the value of 1 + -7 + (-114 - (61 - 105) - -43)?
-33
What is (-1 - -5) + (14 - (4 + 27 + 9)) - 0?
-22
What is the value of -4616 + 4500 - (-2 + 5 - (-1 + 5))?
-115
Calculate ((5 - -11) + -7 - (4 + 3)) + (33 - -50).
85
What is (-6 + (-11 - -18) - -17) + -79?
-61
What is 5 - (-130 - (-26 - -1 - (0 - 9)))?
119
16 + (-106 - (34 - 5)) + 12
-107
(-3 - (-1 + 3 + -4)) + (19 - (17 + -24))
25
What is the value of (10 + 15 + -19 - 16) + 87 + 1 + -6?
72
Evaluate (48 - -1) + (25 - ((26 - 18) + 5)).
61
10 - ((45 + 0 - 0) + -4 + -52 + 57)
-36
What is -94 + (152 - 64) + 0 + 84?
78
Calculate 7 + 2 - ((2 - (-10 + (35 - 16))) + -24).
40
What is 107 + -99 + (-17 - 6)?
-15
What is the value of (31 - (28 - 26 - -21)) + 32 + -1?
39
What is 7 + -1 - 29 - (80 + -84)?
-19
Calculate (6 - -19 - -30) + -77.
-22
What is 6 + (-21 - (-43 - (10 + -2)) - 23)?
13
What is (-5 - (20 - 20)) + 99 + 13 + -15?
92
Evaluate 17 + (0 + 7 - (-1135 - -1201)).
-42
17 + -1 - (-25 + 163) - ((8 - -7) + -3)
-134
What is -3 + -1 + (8 - (18 + -15)) + -13 + -3?
-15
What is the value of 46 + -4 + -32 + -17 + 116?
109
8 + (41 - 13) + (11 - 32)
15
What is (-18 - 133 - -90) + 91?
30
What is the value of -19 + (-15 + -30 - (-13 - 10))?
-41
8 + (69 - 76) + (1 + 18 + -2 - 6)
12
What is the value of 1 - -10 - 0 - (-86 + 128 - 5)?
-26
What is the value of (85 - -15) + -128 + 117 - 23?
66
Calculate -21 - (-9 - (-37 + 15)) - (1 + -13) - -4.
-18
Calculate (-32 - -17 - -11) + 8 + (7 - 7).
4
What is the value of -3 + -12 + (16 + 37 - 21) + -27?
-10
What is 14 + (-4 - -9 - (10 + 2)) - -43?
50
What is 0 - 23 - (-99 - (88 - 111))?
53
What is the value of (483 - 494) + 1 + 47 + 7?
44
Evaluate 251 - 0 - (11259 - 11142).
134
What is -27 + 18 + -43 + 24 + 36?
8
What is the value of -103 + 99 - (-66 + 62 - (1 + 36))?
37
-8 - (-33 - (-4 - -1)) - (147 + -156)
31
Evaluate 0 + 94 - (3392 - 3328).
30
Evaluate -5 + -8 + (-1 - (-2 - -15)) + 11.
-16
Calculate 3 - -1 - (36 + -25 + -31 - 6).
30
What is the value of -158 + (9 + -6 - (247 - 256))?
-146
77 - (-31 - -98) - -32
42
What is the value of 13 - (0 + -55 + 2 + (12 - 1))?
55
What is 20 + (3 - -16) + -81 - (-25 + 9)?
-26
92 - (-5 + -5 + 40) - 21
41
Evaluate -9 + (-76 - -31 - -60) + (1 - 54).
-47
What is -15225 + 15179 + (-39 - -1)?
-84
Evaluate (538 + -508 - (21 - 0)) + 4.
13
What is the value of 30 + 5 + 1 + -20 + (-279 - -290)?
27
What is the value of -16 - (-43 + (-6 + 17 - 2))?
18
What is -11 + 22 + (-40 - -21) + -24?
-32
-31 - ((-26 - -8) + 17 + -6 - (-18 + 2))
-40
Calculate 0 + 3 - (160 + -170).
13
What is (-2 + -15 - (-1 + 5 - -4)) + (6 - 2)?
-21
52 + -58 + (0 - -23) - 56
-39
(57 - (72 - 35)) + -1
19
What is the value of 21 - (31 - (-22 + 35))?
3
Evaluate -19 - (11 - (13 - -20)) - 72.
-69
What is the value of (84 - (11 - -68)) + 3 + 110?
118
Evaluate 52 - (-16 - (-1 - (23 + -1 + -9))).
54
Calculate (-37 - (-33 - (-2 + -2))) + (61 - 1).
52
Evaluate 1 - 6 - -1 - (2729 + -2721).
-12
What is the value of 96 + -64 + -72 - (-10 - 125)?
95
What is the value of (2 - -2) + 7 + (28 + -17 - -37)?
59
Calculate 0 + 16 + (22 - (-20 - -86)).
-28
What is the value of (-24 - -21) + 20 + -28 - (16 - 10)?
-17
Calculate 2 + (9 - 20 - -12) + (0 - -2) + -66.
-61
What is the value of (-31 - (40 - 184)) + (5 - (-2 - -5)) + -6?
109
What is (5 - -52) + -111 - -71?
17
What is (4 - (0 - 1) - (14 + 0)) + (-2 - -61)?
50
Evaluate (-7 - 15) + (4 - 7 - -57).
32
14 + 47 + -59 + (33 - 4)
31
4 + -48 + 1 + (-15 - -55) + -31 + -9
-43
What is the value of 4 - (-93 + (3 - -1)) - (-648 + 660)?
81
Evaluate (-6 + 8 + 14 - 6) + (49 - 83).
-24
(-39 - -94) + -76 - -129
108
What is 93 + (-22 - (29 + -25 + 3))?
64
What is -53 + (69 - (-28 + -8))?
52
-197 + 213 - (-6 - 6)
28
Evaluate 11 + (11 + (-10 - -18) + -3 + -178 - -13).
-138
What is -1 + (-6 - (-4 - (-13 - -4))) + 1 - 19?
-30
Evaluate -18 + 14 + -22 + (13 - -5).
-8
What is 10 - (6 - (-5 + -1)) - 1 - 7?
-10
Calculate -823 + 725 - (-38 + 0).
-60
What is the value of -2 - (5 - -1 - (10 + 5 + 15 + 13))?
35
(-4 + (18 - 6) - 2) + 0 + (77 - 93)
-10
-1 - 88 - (-4329 - -4352)
-112
Calculate 16 + -28 + 47 - 44 - 33.
-42
-21 + (-38 - -128) + -44
25
What is (-368 - -292) + (-18 + -5 - -4)?
-95
30 - ((-11 - (27 + -17)) + 21)
30
What is 5 + -5 + 4 - ((-5 - 2) + -33)?
44
Evaluate (-5 - (-19 - -20 - 21)) + -12.
3
Evaluate (9 - (33 + -14 - 36)) + -41.
-15
Evaluate -35 - 95 - 12 - -68.
-74
What is (1 + -14 - -5) + 58 - -3?
53
Evaluate (-8 + 3 + (7 - 0) - -19) + (-3 - 3).
15
Calculate (2 + -3 - 0) + (10458 - 10472).
-15
Calculate 31 - (-52 - -84) - (0 - 30).
29
What is -19 - (122 + -46 + -21)?
-74
What is (2 - -36) + 111 + -130 + 5?
24
What is 1 + -14 - ((32 - (38 - 36)) + 28)?
-71
Evaluate 1690 + -1726 - (-1 + -12).
-23
What is 2194 - 2203 - (0 + -2 + -81 + -1)?
75
What is 17 - 107 - -64 - 21?
-47
Evaluate -15 - (-51 - 1 - -30).
7
Evaluate (23 - (0 + 0)) + (42 - 13 - 17).
35
What is the value of -19 + 12 - (47 + (-8 - -5 - -2))?
-53
-66 - (-1 - -5) - (-593 + 572)
-49
What is (-60 - (35 + -62)) + 49 + -15?
1
Evaluate -56 - -2 - (-11 - (37 + -12)).
-18
Calculate (-45 - -2) + (2 - -23 - (-14 + 20 - -10)).
-34
Calculate 3 - (-21 + (-4 - -20)) - -13.
21
What is the value of 10 + (-25 + (-25 - (-43 - 15)) - (1 + 84))?
-67
45 - (3 - (3 - 4) - (11 - 13))
39
Calculate 18 + (-8 - 34) + (-17 - 0).
-41
Evaluate (-320 - -107) + 25 + 73.
-115
12 - (5 + (-12 - -10 - 2) + 46 + -6)
-29
Evaluate 1 + 1 + 0 - (-82 - (20 + -52)).
52
64 + -103 + 78 - 52
-13
Evaluate 2 + 26 - (-52 + (127 - 58)).
11
Calculate (-4720 - -4690) + (1 - 2 - -58).
27
What is 3 + (-11 - (-6 - (52 - (12 + -27))))?
65
What is the value of (97 - 116) + 43 - -59?
83
What is the value of 37 - (-63 - -39) - 75?
-14
17 - ((-59 - 43) + 176)
-57
45 + (-57 - (-10 - (-29 - 23)))
-54
Calculate (-66 - -85) + -82 - -61.
-2
Evaluate 15 + (-1 + -15 - 33) - -2.
-32
Calculate 28 + (0 + -20 - -21) + -4 - 140.
-115
What is the value of 34 - (-47 + -50) - 26?
105
What is 3 + -30 + (-6 - (-14 + (1 - -8)))?
-28
Evaluate (-15 - -